e number?
False
Is 22703 prime?
False
Is 15901 a prime number?
True
Is 36291 prime?
False
Is 11411 composite?
False
Is 44723 a composite number?
True
Is 6803 a composite number?
False
Is 544955 prime?
False
Is 1497359 a composite number?
False
Is 47303 a prime number?
True
Is 13093 composite?
False
Is 149181 a composite number?
True
Is 6347 a composite number?
True
Is 5039 prime?
True
Is 4181 a prime number?
False
Is 354869 a composite number?
False
Is 37679 composite?
True
Is 29803 a composite number?
False
Is 185019 a prime number?
False
Is 781 a composite number?
True
Is 1847 prime?
True
Is 4822 composite?
True
Is 66331 prime?
False
Is 10007 composite?
False
Is 153817 composite?
False
Is 367423 a composite number?
True
Is 72017 a prime number?
False
Is 4399 prime?
False
Is 1532719 prime?
True
Is 567449 a prime number?
True
Is 4049 prime?
True
Is 93517 a prime number?
False
Is 12403 prime?
False
Is 3385297 prime?
True
Is 1201 prime?
True
Is 136023 a composite number?
True
Is 2622577 composite?
False
Is 769243 a composite number?
False
Is 193679 a prime number?
True
Is 48077 a composite number?
True
Is 445117 a composite number?
True
Is 354421 composite?
False
Is 154237 a composite number?
True
Is 3489 a composite number?
True
Is 158329 composite?
False
Is 779599 composite?
False
Is 934121 composite?
False
Is 548413 a composite number?
True
Is 3221 prime?
True
Is 75397 prime?
False
Is 23393 a composite number?
True
Is 920947 prime?
True
Is 136111 a prime number?
True
Is 1973 prime?
True
Is 34123 composite?
False
Is 7103 prime?
True
Is 63929 a composite number?
False
Is 72526 composite?
True
Is 155107 a composite number?
True
Is 23099 prime?
True
Is 34211 composite?
False
Is 18973 composite?
False
Is 149 prime?
True
Is 12601 prime?
True
Is 33287 a composite number?
False
Is 2192443 a prime number?
False
Is 2243 prime?
True
Is 192109 prime?
False
Is 2429 a prime number?
False
Is 2662073 prime?
False
Is 202043 prime?
False
Is 179897 prime?
True
Is 122491 a prime number?
False
Is 210709 composite?
False
Is 154855 composite?
True
Is 161477 a prime number?
False
Is 1383077 a composite number?
False
Is 15859 a composite number?
False
Is 1020617 composite?
True
Is 38777 composite?
True
Is 51959 a prime number?
False
Is 3075797 prime?
True
Is 1514 prime?
False
Is 5191 a composite number?
True
Is 1151 a composite number?
False
Is 1428109 a prime number?
True
Is 39505 a composite number?
True
Is 679351 prime?
False
Is 117851 composite?
False
Is 16127 a prime number?
True
Is 19457 a composite number?
False
Is 130811 a prime number?
True
Is 7509 a prime number?
False
Is 175811 a prime number?
True
Is 20011 a prime number?
True
Is 19121 prime?
True
Is 577259 a prime number?
True
Is 311303 composite?
False
Is 27509 a prime number?
True
Is 203 composite?
True
Is 17246 a composite number?
True
Is 100583 a prime number?
False
Is 2579 composite?
False
Is 91453 composite?
False
Is 15259 a prime number?
True
Is 2767 prime?
True
Is 658397 a composite number?
True
Is 13303 a prime number?
False
Is 52837 a composite number?
False
Is 97987 a composite number?
False
Is 63299 a prime number?
True
Is 1471 composite?
False
Is 2503 composite?
False
Is 11777 a prime number?
True
Is 39361 a prime number?
False
Is 1397 a composite number?
True
Is 45427 a composite number?
False
Is 1308457 a composite number?
False
Is 322843 prime?
False
Is 21059 a prime number?
True
Is 49313 a composite number?
True
Is 126193 composite?
True
Is 40195 a composite number?
True
Is 3798499 a prime number?
False
Is 732387 a prime number?
False
Is 9511 a composite number?
False
Is 2453 composite?
True
Is 4113415 a composite number?
True
Is 3663731 a composite number?
True
Is 249367 a prime number?
True
Is 893777 prime?
True
Is 2203 composite?
False
Is 15353 prime?
False
Is 7073 a composite number?
True
Is 43657 a composite number?
True
Is 707441 prime?
False
Is 18089 composite?
False
Is 2747 a prime number?
False
Is 18922 a composite number?
True
Is 299381 prime?
False
Is 259579 prime?
False
Is 554831 composite?
True
Is 526207 a composite number?
True
Is 113138 prime?
False
Is 243277 a prime number?
False
Is 7967 a prime number?
False
Is 358609 prime?
False
Is 90267 a prime number?
False
Is 290137 a composite number?
False
Is 379963 prime?
True
Is 781951 a composite number?
False
Is 755461 prime?
False
Is 204586 prime?
False
Is 20733 composite?
True
Is 798713 a composite number?
False
Is 376313 a prime number?
False
Is 15857 composite?
True
Is 41831 prime?
False
Is 2258273 prime?
True
Is 134579 prime?
False
Is 119027 a composite number?
False
Is 4027771 a composite number?
True
Is 81839 a composite number?
False
Is 81157 prime?
True
Is 192161 a prime number?
True
Is 14029 prime?
True
Is 549811 composite?
True
Is 8857 composite?
True
Is 379 composite?
False
Is 93787 composite?
False
Is 11147 prime?
False
Is 483833 composite?
True
Is 47122 composite?
True
Is 69145 composite?
True
Is 4943 a composite number?
False
Is 3407 a composite number?
False
Is 80723 prime?
False
Is 14281 prime?
True
Is 984457 a prime number?
True
Is 242989 a prime number?
True
Is 11791 a composite number?
True
Is 9901 prime?
True
Is 303673 composite?
True
Is 1674391 composite?
False
Is 1163441 a composite number?
False
Is 9533 a composite number?
False
Is 4269 composite?
True
Is 1017673 composite?
False
Is 254927 prime?
True
Is 20011 composite?
False
Is 2105 prime?
False
Is 56681 composite?
False
Is 2777 composite?
False
Is 121297 a composite number?
True
Is 137809 a composite number?
True
Is 68371 a prime number?
True
Is 55741 composite?
True
Is 51379 a prime number?
False
Is 1762451 composite?
False
Is 13921 composite?
False
Is 216653 prime?
True
Is 734 composite?
True
Is 574813 prime?
True
Is 1233737 composite?
True
Is 9274 a composite number?
True
Is 14129 prime?
False
Is 8641 a prime number?
True
Is 194911 a prime number?
True
Is 1177 a prime number?
False
Is 787 a composite number?
False
Is 69583 prime?
False
Is 191413 prime?
True
Is 672547 a prime number?
False
Is 31769 a composite number?
False
Is 8779 a prime number?
True
Is 18191 composite?
False
Is 20653 a composite number?
True
Is 33691 prime?
False
Is 84691 composite?
False
Is 671219 a prime number?
True
Is 27179 prime?
True
Is 67033 a prime number?
True
Is 612979 prime?
False
Is 808673 composite?
True
Is 9097 a composite number?
True
Is 1602219 a prime number?
False
Is 36037 prime?
True
Is 252431 prime?
True
Is 38389 a prime number?
False
Is 47959 prime?
False
Is 1352749 composite?
False
Is 4049 a prime number?
True
Is 1060513 prime?
True
Is 4187 prime?
False
Is 412589 a composite number?
False
Is 343831 a composite number?
False
Is 35377 prime?
False
Is 30185 a composite number?
True
Is 11851 prime?
False
Is 4211 a composite number?
False
Is 59135 prime?
False
Is 199 a composite number?
False
Is 5591 a composite number?
False
Is 102035 a composite number?
True
Is 32537 a composite number?
False
Is 156319 composite?
False
Is 72269 a prime number?
True
Is 631 a composite number?
False
Is 958 prime?
False
Is 69539 prime?
True
Is 8749 a prime number?
False
Is 49991 composite?
False
Is 660941 a prime number?
True
Is 3691 composite?
False
Is 366787 composite?
False
Is 1115 a composite number?
True
Is 2253 composite?
True
Is 1023367 a prime number?
True
Is 81311 a prime number?
False
Is 521 a prime number?
True
Is 189671 a prime number?
True
Is 3061 a prime number?
True
Is 24083 prime?
True
Is 724323 composite?
True
Is 30727 a prime number?
True
Is 1384681 prime?
False
Is 431779 a prime number?
False
Is 2279527 composite?
False
Is 282143 composite?
False
Is 407873 prime?
False
Is 628651 a prime number?
True
Is 44615 composite?
True
Is 406013 a prime number?
True
Is 235567 a prime number?
False
Is 21133 prime?
False
Is 4703 prime?
True
Is 21139 composite?
False
Is 9101 prime?
False
Is 183437 composite?
False
Is 135483 a composite number?
True
Is 120617 composite?
True
Is 1040555 prime?
False
Is 13811 prime?
False
Is 80113 a prime number?
False
Is 17951 a prime number?
False
Is 32773 a prime number?
False
Is 939971 prime?
True
Is 109929 composite?
True
Is 101109 a composite number?
True
Is 13069 composite?
True
Is 255613 a composite number?
False
Is 1028299 a prime 